628, 14*g = -i + x*g + 124. What is the highest common factor of i and 14?
14
Suppose -110*j + 298816 = -321584. What is the greatest common divisor of j and 18?
6
Let j = -3679 + 4127. Calculate the highest common factor of 56 and j.
56
Suppose 0 = -2*a - a - 9, 2*l - a = 45. Suppose l = -3*w + 57. Let i = -90090 - -90098. What is the greatest common divisor of i and w?
4
Let q(x) = -5*x + 6. Let u be q(0). Let c be 0/(-12)*2/u. Suppose -7*j + 8*j - 20 = c. Calculate the greatest common divisor of j and 8.
4
Let r = 62111 - 62036. Let k = -252 - -427. What is the greatest common factor of r and k?
25
Suppose 470*a + 6468 = 498*a. Let x = 27 - 16. Calculate the greatest common divisor of x and a.
11
Let z be (-15484)/(-20) + ((-64)/20 - -3). What is the highest common divisor of z and 117?
9
Let g(i) = 76*i + 7380. Let z be g(-95). Calculate the highest common factor of 3648 and z.
32
Let x(s) = -2*s**2 - 16*s - 20. Let u be x(-10). Let j = -24 - u. Suppose -2*b + 0*b + j = 0. What is the greatest common divisor of b and 126?
18
Let y(j) = j + 2. Let z(k) = k**2 - 14. Let x(d) = 5*y(d) + z(d). Let r be x(-8). What is the highest common factor of r and 4?
4
Let m(s) = -31 - 3 + 20*s + 15*s - 33*s. Let u be m(20). Suppose -791 = -u*c + c + 3*f, 3*c - 468 = 4*f. What is the highest common divisor of 20 and c?
20
Suppose 2*y + 0 = -2. Let u(q) = -15*q - 3. Let t(h) = h. Let g(l) = 2*t(l) + u(l). Let n be g(y). Calculate the greatest common divisor of 80 and n.
10
Let q(h) = -h**3 + 6*h**2 + 18*h - 11. Let n be q(8). Let y be n/20 + 698/(-8) + 0. Let p = y - -234. Calculate the greatest common divisor of 21 and p.
21
Suppose 0 = 4*z + 16, z + 3469 = 3*h - 0*z. Suppose -h = -11*r - 121. Let k = 104 - r. Calculate the greatest common factor of k and 10.
10
Let n(b) = -23*b**2 - 3*b - 16. Let l be n(7). Let d = l + 1692. What is the greatest common factor of d and 66?
66
Let z(l) = l**3 - 5*l**2 - 5*l. Let n be z(6). Suppose -96*d - 1968 = -100*d. Suppose 108 = -8*r + d. Calculate the greatest common factor of n and r.
6
Suppose 5*g + 3 = -7. Let r be (1 - g) + (69 - 12). Let p = -58 + r. What is the greatest common factor of p and 2?
2
Let y(i) = i**2 + 17*i - 2399. Let h be y(44). Let u = 268 - 154. What is the greatest common divisor of h and u?
57
Suppose -13*d + 1567 + 2658 = 0. What is the greatest common divisor of 13 and d?
13
Let w(o) = 3*o**3 - 60*o**2 - 4*o + 116. Let j be w(20). Calculate the greatest common factor of 528 and j.
12
Suppose 8*x - 3*x = o + 21, 2*o - 18 = -5*x. Suppose 455 = 11*j - x*j. What is the highest common divisor of j and 104?
13
Suppose k - 3*q = 26, 0 = -2*k + q - 11 + 68. Let h = k + 9. What is the highest common factor of 342 and h?
38
Suppose -108*b + 120 = -84*b. Let d be (45/(-6))/(-5)*2550/45. Calculate the greatest common factor of b and d.
5
Suppose -3*d = 4*j - 1519, 5*j + 5*d - 1708 = 197. Let z = j + -264. What is the highest common divisor of z and 7?
7
Let o(l) = 11*l + 42. Let i(m) = -10*m - 37. Let p(d) = -7*i(d) - 6*o(d). Let y be 0/(3 - 1/1). Let h be p(y). What is the greatest common divisor of 1 and h?
1
Suppose 415 = 2*y - 553. Let p = -441 + y. Calculate the greatest common divisor of p and 817.
43
Suppose 4 = -4*a, -5*a = 3*j - 5 - 266. Suppose -5*k + 829 = -2*m, 3*m + j + 66 = k. Suppose 0 = -2*l + k + 297. What is the greatest common factor of 29 and l?
29
Suppose -10*y - 510 = -12*y. Suppose 0*t = -5*t + y. Let a = t - 46. Calculate the highest common factor of 10 and a.
5
Let y(x) = 11*x**2 + 2*x + 5. Let w be y(-2). Let d(s) = 1 - 8*s**2 + 15 - 7*s - 9 - s**3 - 4. Let a be d(-7). What is the highest common divisor of w and a?
3
Suppose -5*m + 5*z + 6 + 34 = 0, 4*z = 0. Suppose 3*l = -i + 167, 5*i = m + 2. Suppose -2*h + l + 17 = 0. What is the greatest common factor of h and 4?
4
Suppose 14*k - 65320 = 140088. Calculate the highest common divisor of k and 8.
8
Suppose -o = o - 416. Suppose 0 = 9*j - 642 - 114. Let v = j + -58. What is the highest common divisor of o and v?
26
Let j(b) = -b**2 + 51*b - 16. Let u be j(47). What is the greatest common divisor of 129 and u?
43
Let m = -4424 - -7320. What is the highest common factor of 96 and m?
16
Let y = 78 + -47. Let n(c) = c**3 + 85*c**2 - 89*c - 134. Let a be n(-86). Calculate the greatest common divisor of y and a.
31
Let z(d) = 9*d**2 + 14*d - 80. Let u be z(7). Let i = -808 - -862. Calculate the highest common divisor of u and i.
27
Suppose -o - 47 - 5 = 0. Let g = -52 - o. Suppose 2*i + 2*t - 24 = g, -6*t + 2*t - 78 = -5*i. Calculate the highest common factor of i and 126.
14
Let s = 1765 + -1681. Calculate the highest common divisor of 987 and s.
21
Suppose 2*l = -6*l + 48. Let r be -4*(-5)/l*324/8. Calculate the highest common factor of 15 and r.
15
Let u(t) = -4*t**2 + 5*t**2 + 2*t - t - 2 + 8*t**3. Let d be 5/9 + (-1 - (-104)/72). Let q be u(d). What is the greatest common factor of q and 1?
1
Let s(n) = -n**2 - 12*n + 8. Let v be s(-6). Suppose -j - 18*m + 21*m + 396 = 0, 2*j = 5*m + 792. What is the greatest common factor of j and v?
44
Let k(a) = -a**2 - a + 17. Let m be (-2)/4*(-7 + 0 - -7). Let z be k(m). What is the highest common divisor of z and 136?
17
Let r(t) = 3*t**2 - 36*t + 37. Let b be r(18). Suppose d - 2*a = 107, -5*d + 2*a - b = -8*d. Calculate the highest common divisor of d and 78.
39
Let t(p) = 3614*p**2 - 22*p + 9. Let n be t(-1). Calculate the highest common factor of 75 and n.
15
Let o be 20/2 + 7 + 11. Let l be 2/(-4)*9*-28. What is the highest common divisor of l and o?
14
Let y be (156/(-195))/((-2)/25). Calculate the greatest common divisor of y and 5690.
10
Let n(x) = -3*x**2 + 2*x**2 + 16 - 10*x - 3. Let a be n(-11). Let p be a/(12/90) + 3*-1. What is the highest common divisor of 8 and p?
4
Let t(w) = 3*w**2 - 10*w + 7. Let u be t(8). Let b = u + -39. Suppose 0 = -v + 61 - 45. What is the highest common factor of v and b?
16
Let v(s) = -8*s**3 - 5*s**2 + 7. Let u be v(-3). Let t = u + -162. Calculate the highest common divisor of 6 and t.
2
Let z(p) = -p**2 - 14*p + 32. Let c be z(2). Suppose 11*t + 7*t - 234 = c. What is the greatest common factor of 429 and t?
13
Let u(w) = -w**2 - 2*w - 1. Let q be u(0). Let y(g) = -5 - g - 3*g - 7*g + 4. Let a be y(q). Calculate the greatest common divisor of a and 2.
2
Suppose -8*y - 7 = -7*y. Let a be 2522/91 + (-2)/y. Suppose 0*h = -5*h - 5, 2*h + 114 = 4*z. Calculate the highest common factor of z and a.
28
Suppose 55*y + 2304 = 4064. What is the highest common divisor of 4384 and y?
32
Let k be -5 + 5 - 0 - -14*90/12. Suppose -3*w + 11 = -34. What is the greatest common factor of k and w?
15
Let b be (18 + -7)*(4 + 3 - 0). Calculate the highest common divisor of 363 and b.
11
Suppose 4*w + 3756 = -4*l, 2*l = -5*w - l - 4703. Let i = w + 1425. Let n be 3/(-9) - i/(-6). Calculate the greatest common factor of n and 20.
20
Let w be 26*((-168)/16 - -5). Let z = w - -307. What is the greatest common divisor of z and 4?
4
Suppose 12*y - 283 + 31 = 0. Suppose 0 = 18*n - y*n + 108. What is the highest common factor of 10 and n?
2
Let t = 40242 + -40066. Suppose 5*z - 86 = -2*m, 2*z + 3*m = -z + 57. What is the highest common factor of z and t?
16
Suppose -675 = 3*c - 6*c. Let d be 43680/1664 - (-10)/(-8). Calculate the greatest common factor of d and c.
25
Let h = 845 - 234. Let l(x) = 3*x**2 - 140*x + 1086. Let s be l(37). What is the greatest common divisor of s and h?
13
Let p(q) = 36*q - 12 - 21*q - q**3 - 13*q - 3*q**2. Suppose -2*l = 3*s + 13, -l + 2 - 1 = 0. Let d be p(s). Calculate the highest common divisor of d and 140.
28
Suppose -3*y - 415 = 5*u + 629, -2*u + 4*y = 428. Suppose 14 = -51*x + 44*x. Let c be (2 - x) + u/(-7). Calculate the greatest common divisor of 85 and c.
17
Let b(z) = -2*z**2 - 122*z - 1174. Let x be b(-36). Calculate the greatest common divisor of 2 and x.
2
Let m(i) = -4*i + 5. Let c be m(-5). Let r be (3 - 203 - -2)*c/(-15). What is the highest common factor of 5 and r?
5
Let a be (((-1606)/(-8))/(-1))/(57/(-228)). Calculate the highest common factor of a and 88.
11
Suppose -5*j - 2*n = -132, 0 = -3*j - 8*n + 5*n + 81. Let k = j - -74. Calculate the greatest common factor of 80 and k.
20
Suppose -66*f - 7844 = -37800 - 8588. L